k(8).
-28
Let p be (0/(-1))/(-8 + 11 - 1). Suppose -17*f + 4*f + 78 = p. Let z(g) = -g**2 + 5*g - 6. Give z(f).
-12
Suppose 173*x - 64*x = 763. Let c(j) = 14*j - 59. What is c(x)?
39
Let b(u) = 2*u**3 + 23*u**2 - 13*u + 6. Let r be b(-12). Let k(z) = -27 + 2*z - z**3 - 8*z**2 + r + 14*z**2. Give k(6).
3
Suppose -q - 33 = -2*t, 5*q = 4*t - 109 - 44. Let n(i) = i**2 + 28*i - 31. Calculate n(q).
-2
Let f(n) = -9*n - 123. Let x = -11288 - -11276. What is f(x)?
-15
Let z(n) = -n**3 + 26*n**2 + 54*n + 61. Let o = -8031 - -8059. Determine z(o).
5
Suppose -5*m + 4*p = -60, -5*m + 15 = -5*p - 50. Suppose 1 = y - f - 0, m = 3*y + 2*f. Let r(a) = -15*a**y + 4*a - 4*a + 14*a**2. What is r(-1)?
-1
Let p = 970 + -200. Let w(i) = p*i + i**2 + 772*i + 9 - 1552*i. Determine w(8).
-7
Let t(a) be the first derivative of -5*a**2/2 + 9*a + 631. Calculate t(-3).
24
Suppose -746*l + 1493*l - 757*l - 120 = 0. Let j(k) = -14*k - 20. Let p(b) = 5*b + 7. Let o(f) = 3*j(f) + 8*p(f). What is o(l)?
20
Suppose 3*r = -2*u + 6 - 0, 3*u = 4*r + 26. Let t(l) = -85 + 3*l + 179 - u*l**2 - 93 + l**3. Give t(5).
-9
Let x(o) = -o**2 + 9*o - 8. Let p be 10*(-2)/4 + 5. Suppose d = 5*h - 10, p = d - 5*d. Suppose b + h - 9 = 0. Give x(b).
6
Let v(p) be the second derivative of -p**5/20 + 3*p**4/4 + 5*p**3/3 + 18*p**2 - 16*p - 32. Calculate v(10).
36
Suppose 28*l - 34 = 22. Let w(x) = 3 + 0 + 2*x - 6 - x**l - 9*x - x**2. What is w(-3)?
0
Suppose 12 = 11*b - 7*b. Suppose 2*n - 12 = -3*n - 2*l, l + 20 = 4*n. Let s(q) = 2*q + q - 2 - 5*q + n*q. What is s(b)?
4
Let o(a) = a**2 + a - 1. Suppose 3*g = -4*q + 361, -110 = -2*g + 4*q + 104. Let m = g + -114. What is o(m)?
1
Let r(j) = 3*j**3 - 44*j**2 + 10*j + 92. Let g(l) = -l**3 + 16*l**2 - 3*l - 31. Let y(s) = -14*g(s) - 5*r(s). Determine y(-4).
6
Let k(m) = -1 + 7*m - 4*m + 5*m - m. Let d = -1830 + 1831. Give k(d).
6
Suppose 0 = 16*n - 5*n - 242. Let q(f) = 13*f - 13. Let k(b) = -b + 1. Let u(w) = n*k(w) + 2*q(w). Give u(-5).
-24
Let w(g) = -g**2 + 18*g - 25. Let q be w(2). Let n(z) = -z**2 + z + 44. Give n(q).
2
Let r(g) = -1274*g**2 + 9*g + 1273*g**2 + 112 - 44*g. Determine r(-38).
-2
Let g(n) = -n**3 + 29*n**2 + 3*n - 102. Let u be ((-12)/(-8))/(42/6 - 806/116). Give g(u).
-15
Let c = -35790 + 35782. Let l(p) = 4*p**2 + 12*p + 12. Let w(v) = -9*v**2 - 25*v - 24. Let g(h) = 7*l(h) + 3*w(h). Determine g(c).
4
Let r = 1907/185640 - 3/1547. Let d(l) be the third derivative of 5/6*l**3 + 0 + r*l**6 - 1/10*l**5 - 41*l**2 - 1/4*l**4 + 0*l. Calculate d(6).
-31
Let k(f) = 3*f + 14. Let u(g) = -g**3 - 8*g**2 + 22*g + 202. Let n be u(-6). Determine k(n).
8
Let u be 25/(-10)*4/(-10). Let x(n) = -31*n + 10 + u + 66*n - 34*n. What is x(-9)?
2
Let w(y) = -y**3 + 4*y**2 + 4*y + 2. Let j = 483 + -493. Let p be 1*6/(-5)*(-25)/j. Calculate w(p).
53
Let i be 13 + 7/(-1) - -12 - (0 + 6). Let k(g) = -g**2 + 5*g - 19. Determine k(i).
-103
Suppose 0*z - 3*g = z + 18, -2*z + g = 64. Let l = 30 + z. Let m(h) = -h + 0*h + l - 3 - 3. Give m(-10).
4
Let y = 126 - 121. Let l(x) = -6*x**2 + 6*x + 2 - 3 - y + 5*x**2. Calculate l(7).
-13
Let x(l) = -9*l**3 + 9*l**2 + 9*l - 1. Let r(s) = -5*s**3 + 4*s**2 + 4*s - 1. Let c(i) = -7*r(i) + 4*x(i). Give c(9).
-6
Let v(d) = -2*d**2 - 7*d - 16. Let j = -1296 + 1293. Calculate v(j).
-13
Let o(k) = -k**3 + 3*k**2 + 89*k - 93. Let r be o(1). Let g(v) = -7*v**3 + 3*v**2 + 3*v - 1. What is g(r)?
61
Let d(s) = s**3 + 12*s**2 - 4*s - 40. Suppose m + 5*w + 66 = 54, -3*m - 36 = -4*w. What is d(m)?
8
Let q(n) be the first derivative of n**4/4 - 5*n**3 - 7*n**2 - 29*n - 14008. Calculate q(16).
3
Let o(l) = l**2 + 4*l - 26. Let h be o(-9). Suppose -14 = -r - h. Let k(w) = w**3 + 4*w**2 - 3*w - 1. Give k(r).
-11
Let k(s) = -s**2 + s. Let f = 1679 + -1674. Let u(i) be the third derivative of i**5/20 - i**4/12 - i**2. Let t(g) = f*k(g) + 2*u(g). Give t(-3).
6
Let l = 2 + 1. Let h = 364 + -358. Let g(d) = 3*d**2 - d - 2 + h + d**3 - 2*d**2 - 3*d**2. What is g(l)?
10
Let j(i) = -12*i - i**2 + 23 - 2*i**2 - 29 + 8*i. Suppose 0 = -5*r - 3*u - 8, 22 = -3*r + 4*u - 6. Calculate j(r).
-38
Let p be (-4)/(-10) + -1 - 1488/(-80). Let s = 21 - p. Let u(g) = -g**2 + 2*g. Give u(s).
-3
Let s be (-2 + ((-192)/20)/(-4))*-5. Let b(j) be the third derivative of 1/8*j**4 + 0 + 0*j - 1/60*j**5 + 1/2*j**3 - 7*j**2. Calculate b(s).
-7
Suppose -7 = -d + 2. Let j(b) = 2*b + 45. Let l(i) = -i - 11. Let z(f) = 2*j(f) + 6*l(f). Determine z(d).
6
Let s(o) = 3*o**2 + 39 - 47 - 8*o**2 + 31*o**3 - 30*o**3 - o. What is s(6)?
22
Suppose 0 = -2*m + 2. Let g(q) = 3*q**3 + q - 9*q**2 + 2*q**2 + 4*q**3 + 11*q**2 - 5*q**2. Determine g(m).
7
Let t(v) = 2*v**2 + 16*v + 23. Let a be t(-7). Let p(h) = h - 6. Let s(z) = -5*z + 12. Let c(x) = 4*p(x) + s(x). Calculate c(a).
-21
Let u(p) be the first derivative of -p**4/4 - 4*p**3/3 + 2*p - 55. Let s(d) = d**3 - 14*d**2 + 10*d + 31. Let k be s(13). Let n be 2/3 - k/(-18)*6. Give u(n).
-6
Let w(y) be the third derivative of -y**5/60 - 5*y**4/8 + 23*y**3/6 + 503*y**2. Calculate w(-16).
7
Let r(n) = 4*n. Suppose 2*b + 3*v + 10 = 0, b + 0 = -5*v - 5. Let t(m) = 5*m - 1. Let f(k) = b*t(k) + 6*r(k). Let l = -60 - -56. Determine f(l).
9
Let i(d) be the second derivative of -1/6*d**3 - 1 + 0*d**2 - 22*d. Let t = -4 - -6. Calculate i(t).
-2
Let m(i) = -6*i + 2. Let x(b) = 4*b**3 - 4*b**2 + 8*b - 18. Let y(t) = 7*t**3 - 7*t**2 + 16*t - 37. Let c(z) = -5*x(z) + 3*y(z). Let n be c(2). What is m(n)?
8
Let v be (42/(-70))/((2/(-5))/2). Suppose 5*x = 5*b - 1 - 9, x - 10 = -v*b. Let j(u) = 12*u**2 - u. Calculate j(x).
11
Let r(g) = 3*g - 5. Let u = 6 - -52. Suppose 3240 = -49*y - 11*y. Let h = u + y. What is r(h)?
7
Let q be -12 + -15 + 13 + 3. Let i(t) = -5*t - 54. Give i(q).
1
Let n(r) = -3*r**2 - 23*r - 11. Let z(x) = x**2 + 8*x + 4. Let l(d) = 3*n(d) + 8*z(d). Let q = -14 + 16. Let a = q + -7. Determine l(a).
-1
Let v(f) = 2*f**2 - 18*f + 39. Let u be v(3). Let s(i) be the third derivative of -5*i**4/24 + i**3/3 - 77*i**2. What is s(u)?
-13
Let m(i) = 11 + 2 + i - 2. Suppose -31*d - 4*d - 83 = 232. Give m(d).
2
Let w be (-2)/7 + 102/14. Let a(o) = -86*o**2 + 0 + 6*o + 240*o**2 - 13 - 76*o**2 + 6 - 79*o**2. Determine a(w).
-14
Suppose -3*g = -15*a + 20*a - 764, 4*a = 4*g + 592. Let p(t) = 2*t**2 - a - 4*t**2 + 2*t**2 + 152 + 5*t**2 - t. What is p(-3)?
49
Let o(v) be the second derivative of -v**5/20 + v**4/3 - 5*v**3/6 - 3*v**2/2 + 211*v. Calculate o(4).
-23
Let o = 24 + -23. Let y be -4*o/(16/(-12)). Let m(a) = 4*a - 14. Let j(p) = 2*p - 7. Let d(z) = y*m(z) - 5*j(z). Give d(5).
3
Let o(l) = l**3 + 7*l**2 + 11*l + 32. Let i be o(-5). Let b = 26 - i. Let u(k) = 5*k**2 + 2*k + 1. Determine u(b).
4
Suppose 3*x - 5*h - 21 - 8 = 0, 3*x + 2*h = 64. Let u(g) = -2*g**2 + 37*g - 18. Let a be u(x). Let y(l) = -3*l + 5. Determine y(a).
5
Let k(o) be the second derivative of o**5/10 - o**4/4 + o**2/2 + 2731*o. Suppose -4*i - 2*n - 12 = 0, 1 + 5 = 2*i - 5*n. Calculate k(i).
-27
Let r = -17420 - -17436. Let i(t) = 3*t - 43. Determine i(r).
5
Let m(b) = -b**3 - 13*b**2 - 12*b + 2. Suppose 4*k + 4*n + 38 = 5*k, n = 5*k - 171. Suppose -2*x - 5*f = k, 9*f = -3*x + 7*f - 40. Calculate m(x).
2
Let w = 537381 - 537387. Let d(m) be the first derivative of -m**3/3 - 5*m**2/2 - 1. What is d(w)?
-6
Let s(y) be the third derivative of y**5/60 + y**4/4 - 2*y**3/3 + 33*y**2. Let j(h) = 26*h**2 + 4*h - 2. Let n be j(-6). Let r be n/(-126) - (-4)/18. Give s(r).
3
Let q(f) = -7 + 150*f**3 - 205*f**2 - 77*f**3 - 6*f - 74*f**3 + 200*f**2. Suppose -h - u - 7 = 0, -3*h - u + 2*u = 9. Calculate q(h).
1
Let a(n) = 65*n**2 + 299*n - 165. Let u(m) = 47*m**2 + 200*m - 109. Let d(w) = -5*a(w) + 7*u(w). Give d(23).
-7
Let g(f) = -7*f**2 - 193*f - 747. Let s be g(-23). Let l(y) = 3 + 0*y - 41 - 3*y. Give l(s).
-5
Suppose -3*n + 5*b = 51 - 49, -4*b = -2*n - 4. Suppose -4*c - 19 = -g, n = 5*g + 5*c - 14. Let w(l) = l**3 - 7*l**2 - l + 9. Calculate w(g).
2
Suppose 122*p + b - 9 = 126*p, -19 = -p - 4*b. Let x(z) = -1 - z**2 + 6*z**2 - 4*z**2 - z + 5*z**3. Give x(p).
-4
Let w = -5335 - -5361. Let h(g) = -g**2 + 27*g - 24. What is h(w)?
2
Let a be ((-13)/(-2) - 13/(-26)) + 3. Let t(z) = -3*z - 4. Let v(s) = -4*s - 9. Let x(o) = -5*t(o) + 3*v(o). Calculate x(a).
23
Suppose -5*u + 25 = 0, 0*u = 